at is s(d)?
-5
Let k = -137 - -96. Let y = k - -46. Let r(w) = 5*w**3 - w - 3. Let g(j) = 4*j**3 + j**2 - 2*j - 2. Let q(i) = 6*g(i) - 5*r(i). Give q(y).
-7
Let r(o) = o - 13. Suppose 5*s = -15, 3*s = 2*a - 98 - 187. Let q = 147 - a. Determine r(q).
-4
Let z be -3 + 2*(-4)/(32/412). Let n = -104 - z. Suppose 9*u - 7*u - 52 = -4*p, -4*p + n*u = -60. Let k(t) = -t**3 + 14*t**2 + t - 8. What is k(p)?
6
Suppose -5*f - 17 = 4*u, 0 = 5*u + 3*f - 7*f - 30. Suppose u*a + 9 = -h, 16*a - 13*a + 18 = -3*h. Let i(g) = -g + 2*g - 3*g**2 + 4*g**2. Give i(h).
6
Let g(m) be the third derivative of -m**6/120 + m**5/10 - m**4/4 + 7*m**3/3 + 37*m**2. Let d be g(5). Suppose 2*a + 27 = d. Let x(q) = 2*q + 13. What is x(a)?
-5
Let b(x) = x. Let o(h) = -5*h - 1. Let g(t) = -4*b(t) + o(t). Let k = -43 - -52. Suppose -k*v + 6 + 3 = 0. Calculate g(v).
-10
Suppose 12 = -v - 19. Let s = -70 - v. Let r = -41 - s. Let u(m) = -3*m. Give u(r).
6
Let t(b) = -b**3 - 4*b**2 + 3*b - 6. Let v be t(-5). Suppose 0 = -3*s + 15. Let q(n) = -n - 9 - n**3 + 4*n**2 + s*n**2 + 7 - 5*n**2. What is q(v)?
-6
Let y be 20/(-6)*(-15)/10. Let h(t) = 247*t**2 + 3*t + 20. Let i(w) = 99*w**2 + 10. Let j(a) = 2*h(a) - 5*i(a). Give j(y).
-5
Let m be -4*7/(-42) + 20/(-3). Let o(d) = -d + 7. Let t be o(0). Let s(k) = -k**3 + 1 - t*k**2 + 0 - k - 2*k + 1. Calculate s(m).
-16
Let l(s) be the second derivative of -s**4/4 - 2*s**3/3 - 5*s**2/2 - 3*s - 183. Suppose -8*w - 6 = -6*w. What is l(w)?
-20
Let g(c) = -28*c - 17. Let a(m) = 9*m + 5. Let n(d) = -7*a(d) - 2*g(d). Let o(s) = -9*s + 143. Let p be o(16). Calculate n(p).
6
Let q(f) be the third derivative of -f**3 - 1/6*f**5 - 44*f + 11/24*f**4 + 0 - f**2 - 1/120*f**6. Calculate q(-11).
-6
Let p(q) = -q**3 - 9*q**2 - 9*q - 3. Let g(d) = -d**3 + 9*d - 5. Let o be g(-4). Suppose x = 5*b - 4*x + 65, 3*x - o = b. Give p(b).
5
Let a(c) = 6*c + 3. Let n(i) = -29*i - 3. Let l(x) = 15*a(x) + 3*n(x). Give l(-21).
-27
Let b(v) = 14 + 34 - 14*v + 31. Let f be b(6). Let d(u) = 5*u - u**3 + 7 - 5*u**2 + 0*u**2 + 0*u**3. Calculate d(f).
-18
Let o(n) = n + 12. Let g(v) = 2. Let t(k) = -11*g(k) + 2*o(k). Let y be t(2). Let d(r) = 0 - y + r - 3. Give d(4).
-5
Let l(n) be the first derivative of n**4/4 - n**3/3 - 3*n**2/2 + 4*n + 995. Determine l(-3).
-23
Let l(v) = -439*v + 468*v + 7565 - 7560. What is l(2)?
63
Let l(m) = 17 - 2879*m**2 + 1449*m**2 - 18*m + m**3 + 1448*m**2. Let r(x) = 4*x**3 - 20*x**2 - x - 14. Let c be r(5). What is l(c)?
-2
Suppose -2*t - 3*v + 20 = 0, 0 = 42*t - 43*t - 5*v + 24. Let s(o) be the second derivative of 5/3*o**3 + 4*o**2 + 1/12*o**t - 6*o + 0. Calculate s(-7).
-13
Let o(w) = 2*w + 3. Let f = -2531 - -2532. Determine o(f).
5
Suppose 5*s = 3*l + 14, 4*s - 13 = 2*l - 1. Let u(q) = -20*q + 109. Give u(s).
29
Let w(m) = 21*m + 35. Let u be w(-2). Let c be (-11 - (u + -1))*2/3. Let g(o) = 2*o**2 + 3*o + 2. What is g(c)?
4
Let h(x) = -5*x - 83. Let u = 74 - 91. Determine h(u).
2
Suppose 140 = 37*f - 8. Let n(u) = u**3 - 5 - 4*u + 3*u + 1 - 5*u**2 + 7*u. What is n(f)?
4
Let r(g) = -g**3 + 7*g**2 + 10*g + 1. Let d = -9 + 213. Suppose 4*s = -u + 103, -4*s + d = 2*u + 2. Suppose 97*i + 16 = u*i. What is r(i)?
17
Let u be 0/(-72) + 1*-1. Let r(b) = -23*b**2 - 6*b + 7. Let j(g) = -22*g**2 - 5*g + 6. Let m(n) = -6*j(n) + 5*r(n). Calculate m(u).
16
Let u(x) be the third derivative of -13*x**2 - 1/120*x**5 + 1/12*x**4 + 0*x + 0 - x**3. Let c(q) be the first derivative of u(q). What is c(6)?
-4
Let l(j) = 3*j**2 - 8*j - 45. Suppose -64*r - 72 = -40*r. Determine l(r).
6
Suppose -199 = -6*x + 65. Let j be -4 - 11/(x/(-24)). Let o(h) = -1 - 18*h + j + 22*h. What is o(1)?
5
Let n(y) = -29*y - 14. Let s be (((-124)/4)/(-93))/(-2*2/24). What is n(s)?
44
Let p(i) = 2*i + 21. Let k(j) = 2*j**3 + 25*j**2 + 13*j + 40. Let x be k(-12). Let v(n) = -3*n + 73. Let a be v(x). Determine p(a).
-1
Suppose 3*q = 15, o - 3*q + q = -8. Suppose g = o*g + u, 4*g = -u. Suppose -8*t + 16 = -g*t. Let h(k) = -4*k**2 + 2*k + 2. Determine h(t).
-10
Suppose -l + f = 3*f + 6, -3*l = 4*f + 18. Let o be 87/(-6) + l/4 + 4. Let z be ((-16)/o*9)/(1*2). Let n(a) = -a - 3. What is n(z)?
-9
Let a = -12 - 193. Let m = a + 201. Let p(z) = 3*z + 3. What is p(m)?
-9
Suppose -21*l - u + 371 = -16*l, 0 = -4*l - 3*u + 299. Suppose 2*w - 308 = -2*w. Let x = w - l. Let o(a) = a**3 - 2*a**2 - 2*a + 2. What is o(x)?
5
Let u(v) = 9*v**2 - 12*v - 139. Let n(l) = 11*l**2 - 15*l - 144. Let t(c) = -4*n(c) + 5*u(c). Determine t(-11).
2
Let j(w) be the third derivative of w**4/6 + w**3/6 + 8*w**2 + 50*w - 16. Let n(p) = p + 3. Let z be n(-6). Determine j(z).
-11
Let i(m) = 2*m - 21. Let f(c) = 4*c - 48. Let a(z) = -3*f(z) + 5*i(z). Determine a(18).
3
Let t be 5*28/(-140)*(6 + -1). Let x(p) = p**3 + 8*p**2 + 3*p - 9. Calculate x(t).
51
Suppose 140 = -4*s + 148. Let d(c) = -57 + 28 + s*c + 33. Give d(-7).
-10
Let a(v) = 23*v**2 - 29*v - 26. Let p(l) = 20*l**2 - 27*l - 24. Let b(n) = 8*a(n) - 9*p(n). Calculate b(-6).
86
Let c(f) = -f**3 - f**2 + f + 9. Let s be c(0). Let j(k) be the second derivative of k**5/20 - 2*k**4/3 - 5*k**3/3 + k**2/2 + 2*k + 9341. Give j(s).
-8
Let v(o) = 7*o - 592. Let d be v(85). Let p(i) = 2*i**3 - 3*i**2 - 3*i + 9. Determine p(d).
27
Suppose 5*q = 4*w - 5*w - 27, -2*q = 2*w + 22. Let b(j) = -1 + 418*j**2 - 419*j**2 + 1 - 6*j. What is b(w)?
-7
Let b(f) be the third derivative of 5*f**4/8 - f**2. Suppose 3*y + 24 = 0, -w - 4*y = -33 + 66. What is b(w)?
-15
Let q(z) = -9*z + 3. Let n = -213 + 209. Let t(j) = -7*j + 2. Let o(l) = n*t(l) + 3*q(l). Suppose -25 = -2*p + 7*p. What is o(p)?
-4
Suppose 272*a = 259*a + 117. Let f(d) = 3*d**3 - 27*d**2 - d + 1. Calculate f(a).
-8
Let l be 7/(-28) - (77/(-4) - 2). Suppose 3*v - l = 6. Let g(x) = -x**3 + 10*x**2 - 7*x + 1. What is g(v)?
19
Let m = 19 + -23. Let h(w) = -4*w**3 - 3*w**2 - 2. Let p(a) = a**3 + a + 1. Let c be 3/6*-6 + 0. Let o(n) = c*p(n) - h(n). What is o(m)?
-5
Let a(o) = -3*o + 8. Suppose 5*q = 6*t - 2*t + 75, 5*t = q - 99. Let z be (-56)/t*25/10. Calculate a(z).
-13
Let y be ((-592)/12)/((68/238)/((-6)/14)). Let r be 4/14 - 492/7. Let h = r + y. Let n(o) = o - 2. Calculate n(h).
2
Let f(p) be the third derivative of 6 + 0*p - 1/60*p**5 - 1/24*p**4 - 3*p**2 + 1/120*p**6 + 10/3*p**3. Determine f(0).
20
Let q(n) = -3*n**2 - 44*n - 12. Let m(i) = 8 - 11*i**2 + 33*i**2 + 24*i + 5*i - 20*i**2. Let a(v) = -8*m(v) - 5*q(v). Suppose -5*o - 31 = 24. Give a(o).
7
Suppose 1849 = 3047*z - 144*z + 1694 + 17573. Let g(u) = -u - 13. Let k(c) = -1. Let m(v) = 2*g(v) - 6*k(v). Calculate m(z).
-8
Let c be (6 - (-156)/(-30))/((-2)/(-135)). Let g(o) = 45*o**2 + 31*o + c*o - 84*o. Calculate g(1).
46
Let z(b) = 2*b**2 - 9*b - 2. Let r be z(5). Let v = 20 - 18. Let k(f) = 4*f**3 - 1 + f**3 + 4*f - 3*f**r - 2*f**v - 6*f. Calculate k(-1).
-3
Let h(w) = 2*w + 5. Let d be h(-4). Let q(s) = 1056 - 4*s - 1047 + 5*s. Calculate q(d).
6
Let s(l) = -63 - 66 + 243 - 67 - 66 - 36*l. Determine s(-1).
17
Let n be (1094/6564)/((-1)/36). Let h(i) be the first derivative of i**2/2 + 2*i + 1. Calculate h(n).
-4
Let i(t) = -2*t + 8. Let z(k) = k - 7. Let g(s) = -2*i(s) - 3*z(s). Let v = -181 + 213. Suppose -2*h - 16 = a, -4*a = -5*h - v + 5. What is g(h)?
-2
Let c(i) = i**3 + 7*i**2 + 3*i - 4. Let m be c(-6). Let l(o) = 74*o - 1. Let b(w) = 963*w - 23. Let a(y) = 2*b(y) - 26*l(y). What is a(m)?
8
Suppose -19 = -3*d - 1. Suppose 4*r = -j - 4, 0 = -15*r + 12*r - 9. Let a be 9/d*j/6. Let k(g) = 3*g**2 - 2*g + 1. What is k(a)?
9
Let s(n) = -n - 2. Let o(w) = w + 158. Let u(v) = o(v) + 6*s(v). Let y be u(28). Let g(j) = j**3 - 6*j**2 - 2*j. Give g(y).
-12
Let a(q) = -42 - 28 + 7*q - 34 + 89 + 19. Suppose -3*n = 5*x - 5, 20 = -2*x + 3*n + 1. Determine a(x).
-10
Let f(q) be the third derivative of q**4/12 + 17*q**3/6 + 6*q**2. Let r be f(-7). Let m(i) = -18*i + i**r + 8*i + 7*i + 0*i**3. Give m(3).
18
Let r(j) be the third derivative of j**6/120 - j**4/24 - 7*j**3/2 + 2*j**2. Let m = 28384 + -28384. Give r(m).
-21
Let y(z) = z**2 - 9. Let s be (-2)/(-13) - 492/(-8)*116/(-2262). Calculate y(s).
0
Let h(q) be the third derivative of -5*q**4/24 + 6*q**3 - 3*q**2 - 9*q. Give h(18).
-54
Let j(h) = 4*h + 34. Let v = -591 + 577. Determine j(v).
-22
Let j(w) = 235*w**2 - 44 - 257*w*